- 108. Calculate the remainder when 19/(10/(-6) - -2) is divided by u(40).
9
Calculate the remainder when 408 + ((-129)/42 - (-6)/84) is divided by 37.
35
Let j be ((-15)/10 + 1)*(-1 - 1). Let t(a) = 28*a - 2. Calculate the remainder when 77 is divided by t(j).
25
Suppose 0 = -3*k - 12, -2*c + 2*k - 7*k + 326 = 0. What is the remainder when c is divided by 59?
55
Suppose -57 + 9 = -4*q. Suppose q = h - g, 0 = g - 2 - 3. What is the remainder when h is divided by 9?
8
Let f = -1387 + 1430. Calculate the remainder when 240 is divided by f.
25
Suppose -3*h + 2682 = 3*y, 5*h - y + 3*y = 4482. What is the remainder when h is divided by 10?
8
Suppose 4 - 1 = -j. What is the remainder when 57 is divided by 16 + 4 + j + 3?
17
Let p = -27 + 38. Suppose 8 = -w + 21. Suppose -u + 8 + w = 0. What is the remainder when u is divided by p?
10
Suppose 5*x = 2*x - 4*x. Calculate the remainder when 1315/20 - 2/(-8) is divided by 2/5 + 664/40 + x.
15
Suppose -28 = -f - 3*f. Calculate the remainder when 7 is divided by f.
0
Let r = -11431 - -26519. Let i = r - 6321. Calculate the remainder when i/165 + (-4)/30 is divided by 27.
26
Let q = 11 - -20. Let v = -389 + 480. Calculate the remainder when v is divided by q.
29
Suppose 3*j - 458 = -2501. Let o = -93 + j. What is the remainder when 29 is divided by 4/22 - o/99?
5
Let d be 22/(-143) + (1246/(-13) - -1). Let t = 104 + d. What is the remainder when t is divided by 6?
3
Let b = 0 - -4. Suppose 0*z + z = 5*a + 10, 0 = -3*z - 5*a - 10. Suppose r - n = -0*n + 7, -4*r + 5*n + 33 = z. Calculate the remainder when b is divided by r.
0
Let s(i) = -i**3 + 11*i**2 - 24*i + 6. Suppose 0 = 2*w + 2, -m - 2*w = -6 + 1. What is the remainder when s(m) is divided by (-196)/(-10) + 18/45?
14
Suppose -212 = -o + 5*o. Let g = 107 + o. Calculate the remainder when g is divided by 34.
20
Calculate the remainder when 124 is divided by (-258)/(-8) - (-7)/(-28).
28
Let j be (-124)/(-6)*(-7 + 4). Let p = -29 - j. What is the remainder when p is divided by 1 - (17 - 0)*-1?
15
Suppose -4*h = -8*r - 60, 5*h = 10*h + 5*r - 135. Let b(g) = -g**2 - 19*g - 2. Calculate the remainder when b(-9) is divided by h.
19
Let i be (-1 - 1)/((-4)/(-70)). Let u = 48 + i. What is the remainder when u is divided by 8?
5
Let x = -194 + 206. Let f = -11 + -1. What is the remainder when x is divided by 14*2*(-3)/f?
5
Let h = -37 - -71. Let x = -98 - -105. Suppose 14*q - 84 = x*q. Calculate the remainder when h is divided by q.
10
Suppose m + 3 = 2*m. What is the remainder when -2 - 12/(-3)*8 is divided by (m + -19)*(-2)/4?
6
Suppose -4*n + 0*n = -200. Let g(t) = t**2 - 8. What is the remainder when n is divided by g(-5)?
16
Suppose 13 = -15*j + 16*j + 2*s, -2*s = -j + 1. Calculate the remainder when 59 is divided by j.
3
Let v(i) = -i**3 - 17*i**2 + 38*i + 31. Calculate the remainder when 493 is divided by v(-19).
28
Let j(k) = -k + 7. Let x(l) = 3*l - 25. Let i be x(10). Let a be j(i). Suppose -y - 1 = 0, -a*d - 2*y + 74 = 2*d. What is the remainder when d is divided by 7?
5
Let p = -2 + 7. Suppose 6*d - p*d = -19. Let z = -4 - d. Calculate the remainder when 26 is divided by z.
11
Let y(g) = -13*g. Let m = 74 - 7. Let j = m - 47. What is the remainder when y(-6) is divided by j?
18
Let j(y) = -5*y - 1. Let m be j(0). What is the remainder when m/((-4)/74) + (-45)/(-30) is divided by 8?
4
Let c = 249 - 231. Calculate the remainder when 184 is divided by c.
4
Let f = 23 + -20. Suppose 4*s = g + s - 38, 74 = f*g + s. What is the remainder when 102 is divided by g?
24
Calculate the remainder when 642 is divided by -10 + (291 + 9)/12.
12
Let f(c) = 5*c + 74. Let z(s) = -s + 20. Calculate the remainder when f(-6) is divided by z(-3).
21
Let o(w) = 95*w**3 + 2*w**2 - 3*w + 1. Let c(f) = f**3 + 2*f**2 - 4*f - 1. Calculate the remainder when o(1) is divided by c(3).
31
Let v = 151 + -114. Calculate the remainder when 294 is divided by v.
35
Suppose -s - 9 = -2*c, 0 = -s + 2*s - c + 9. Calculate the remainder when 55 is divided by (s/6)/((-9)/84).
13
Suppose 4*s - 714 = 5*i - 2931, -i + 3*s = -439. Calculate the remainder when i is divided by 45.
40
Suppose -y = 4*f - 27, y - f - 18 = -2*f. Let l = 26 - y. Suppose 30 + 138 = 4*o. What is the remainder when o is divided by l?
9
Suppose -8*i - 84 = -10*i. Calculate the remainder when 459 is divided by i.
39
Let b = 29 - 18. Suppose 32 - 3 = o. Suppose -o*c = -24*c - 210. What is the remainder when c is divided by b?
9
Suppose 99 = a - 3*m - 128, 4*a - 908 = 3*m. Let r = -129 + a. Calculate the remainder when r is divided by 20.
18
Let r(m) = 2*m**3 - 85*m**2 + 41*m + 47. What is the remainder when 32 is divided by r(42)?
2
Suppose 3*z + i = 42, -2*z - 3*z + 78 = -i. Calculate the remainder when 176 is divided by z.
11
Let p(f) = -f**2 + 10*f + 42. Let u be p(13). Suppose -31 - 83 = -u*b. What is the remainder when b is divided by 10?
8
Suppose -7*o + 4*o + 105 = 0. Let w = -302 - -311. What is the remainder when o is divided by w?
8
Let t(u) = 2*u**3 - 21*u**2 + 27*u + 4. What is the remainder when t(10) is divided by 61?
52
Suppose 4*g - 4*g + 7*g = 0. Suppose -4*j + 5*y = -89, 3*j - 90 = -g*j - 4*y. What is the remainder when 49 is divided by j?
23
Let c(m) = 6*m**2 - 4*m**2 + 42 - 3*m**2 - 27*m. Let v = -26 - -79. Calculate the remainder when v is divided by c(-28).
11
Let d be (-176)/(-4) + 4/1. Let p = d - 43. Calculate the remainder when 18 is divided by p.
3
Let u be ((-1)/3)/((-16)/(-15) + -1). Calculate the remainder when 46 is divided by (2/u)/((-8)/380).
8
Suppose -4*j + s = 12, -2*s - 6 + 2 = -j. Let d = j + 27. Calculate the remainder when 85 is divided by d.
16
Suppose -3*j + 2*m + 19 = -68, 0 = -2*j - 2*m + 58. What is the remainder when 193 is divided by j?
19
Let b = 64 + -58. Suppose -b*d + 60 = -0*d. Calculate the remainder when d is divided by 1 + 2 + (-2 - -2).
1
Suppose 18*h + 16*h = 3094. What is the remainder when 464 is divided by h?
9
Suppose -16 - 4 = -4*g. Let s = 127 + -89. Calculate the remainder when s is divided by g.
3
Suppose 7 + 1 = 2*m. Suppose -20 = -6*d - m*d. Calculate the remainder when 3 is divided by d.
1
Let k be (-15)/((-3 - -6) + -4). Let b = k + -12. Suppose -5*y - 2*v = -28 - 143, 0 = -b*y - 3*v + 108. Calculate the remainder when y is divided by 9.
6
Suppose -11*j + 172 = -6*j - 3*y, -136 = -4*j + 4*y. Suppose -3*p = q + j - 576, 0 = -2*p + 4*q + 342. Calculate the remainder when p is divided by 20.
19
Let j(n) = 30*n - 10. Calculate the remainder when 193 is divided by j(2).
43
Suppose 4*z - 5*z = 0. Let k = z - -2. Suppose -5*q + 10 + 20 = 5*p, -2*q - 4*p + 16 = 0. What is the remainder when q is divided by k?
0
Let s be 4/(-32)*-1325 + 15/40. Let g = -141 + s. What is the remainder when g is divided by 14?
11
Suppose -3*m + 5 = -10. Let u(q) = -q**3 - m + 0*q**2 - 3*q + 0*q**2 - 3*q**2 - 3*q. Calculate the remainder when 4 is divided by u(-2).
1
Let q(u) = 2*u**2 - 4*u + 1. Let h(x) = x**3 + 15*x**2 + 29*x + 45. Calculate the remainder when q(4) is divided by h(-13).
5
Let h = -499 + 523. Let f = 81 - 11. What is the remainder when f is divided by h?
22
Let r = -12 + 14. Let m(u) = -9*u - 3 + r + 2*u - 5*u. Calculate the remainder when 43 is divided by m(-1).
10
Suppose k = 3*y - 28, 3*y + 2*k = 23 + 2. Suppose 0 = 3*n - 4*n + y. Calculate the remainder when 71 is divided by n.
8
Suppose 0 = -2*h + 7*h - 30. Let p(d) = d**2 + 9*d - 38. Let s be p(-16). Let g = s + -71. Calculate the remainder when h is divided by g.
0
Suppose -52 = -4*f - 0*f. Suppose -23 + 47 = n. What is the remainder when n is divided by f?
11
Let w(g) = 2*g**2 + g. Suppose 5*a - 14 - 1 = 0. Calculate the remainder when 33 is divided by w(a).
12
Let a = -52 + 107. What is the remainder when 1043 is divided by a?
53
Let f = 382 + -349. Calculate the remainder when 91 is divided by f.
25
Suppose -220 = -10*l - 0*l. What is the remainder when 152 is divided by l?
20
Suppose 4*f + 29 = 169. Suppose 57 = w - f. What is the remainder when w is divided by 19?
16
Suppose 0 = 2*r + 2*g - 175 - 23, -3 = 3*g. What is the remainder when r is divided by 26?
22
Let h be (-1)/((0 - -2)/2). Let g be h/(-4) + 228/48. What is the remainder when 32 - g - (-1 + -1) is divided by 16?
13
Let r(o) = o**2 - 3*o + 10